*f + 1. What is the tens digit of d(1)?
9
Suppose -2*p - 32 = -3*p. What is the units digit of p?
2
Let g(l) = -7*l - 2. Let p(j) = -j - 1. Let b(f) = g(f) - 6*p(f). What is the units digit of b(3)?
1
Suppose 2*k = -0 + 386. What is the units digit of k?
3
Suppose 15 = -t - 2*t, -3*r - t + 4 = 0. Suppose -r = -3*f, -4*m + 5*f + 125 = -38. What is the units digit of m?
2
Let f(b) = b**2 - 2*b + 7. What is the tens digit of f(5)?
2
Let t = -7 - -11. What is the units digit of (t + -1)/(7 + -4)?
1
Let h = 1 - -4. Suppose 4*o + 2*q - 46 = 36, -5*o - h*q + 100 = 0. What is the tens digit of o?
2
What is the tens digit of 82/(2/3 + 1/3)?
8
Let q(g) = g + 16. Let m be q(-13). Suppose -2*y + 38 = 4*c, m*c - 16 - 30 = 2*y. What is the tens digit of c?
1
Let m be 6*(1 + 2)/9. Suppose -4*y + 22 - m = 4*o, 5*o = 0. What is the units digit of y?
5
Suppose 5*p - 13 = -3. Suppose 2*l = -x + 12, 3*l - 60 = p*x - 7*x. What is the tens digit of x?
1
Suppose 0*j = 3*j - 504. Suppose -3*w = 4*d - 105, -5*d = -3*w + 57 - j. What is the units digit of d?
4
Let j = 1 + -1. Suppose -o + 4 + 5 = j. What is the units digit of o?
9
Suppose 50 = m + m. What is the units digit of m?
5
Let m = 77 - -28. What is the hundreds digit of m?
1
Let q = 9 + -9. Suppose 2*o - 46 = -q*o. What is the tens digit of o?
2
Let w = -10 + 6. What is the tens digit of 4 + (-20)/(8/w)?
1
Suppose 5*f = 4*t - 149, 5 = -4*f + 1. What is the units digit of 15/(-2)*t/(-45)?
6
Suppose 5*w - 4*n = 90, n + 24 = w + 6. What is the tens digit of w?
1
Suppose 0 = t + z + 3, 0 = 3*t - 4*z - 0*z - 26. Suppose -t*q = q - 9. Suppose -q*k + 5*p + 10 = 0, -k - 2*p + 8 = p. What is the units digit of k?
5
Let o(h) = h - 5. Let n be o(8). Let g(c) = 8*c - 4. What is the tens digit of g(n)?
2
Let p(c) = 5*c**2 + 3*c - 8. Let g(a) = -4*a**2 - 4*a + 8. Let x(h) = -6*g(h) - 5*p(h). What is the tens digit of x(6)?
1
Suppose j = 2*h + 9, -5*j - 5*h + 52 = -38. What is the tens digit of j?
1
Let y = 20 + -20. Suppose y*k = -3*k + 90. What is the tens digit of k?
3
Let y = -79 + 449. What is the hundreds digit of y?
3
Let k(r) = 2*r**2 - 9*r - 10. What is the tens digit of k(8)?
4
Let j = 23 - -7. What is the units digit of j?
0
Let v be 85/(-2)*(-2)/1. Suppose -25 = -x + 5*f, 0*x - 3*x = -5*f - v. Suppose -w + 3 = c + w, -5*c + 5*w + x = 0. What is the units digit of c?
5
Let g = 0 + 5. Let v = 3 + g. Let f = v + -3. What is the units digit of f?
5
Let w(z) = -2*z + 3 - 2 - 2 - 5*z**3 + z**3. What is the units digit of w(-1)?
5
Suppose 0 = 3*a - 3*y - 18, 2*a - 3*y - 22 + 5 = 0. What is the units digit of a?
1
Let q = 22 + -10. Suppose 3*r = -r + q. What is the units digit of r?
3
Suppose -4*t - 202 = 3*l, 5*t + 92 = -3*l - 159. Let a = 75 + t. What is the tens digit of a?
2
Let z = 9 - 4. Suppose 2*g = z*g - 51. What is the tens digit of g?
1
Let i = 19 - 19. Let w = i + 40. What is the units digit of w?
0
Suppose -k = 3*k - 20. Suppose 73 = -3*b - 2*s + 11, -k*s = 20. Let g = 26 + b. What is the units digit of g?
8
Let a = 28 + -30. Suppose 3*x + 9 = -9. What is the units digit of (x/3)/a - -2?
3
Let b = 49 - 19. What is the units digit of b?
0
Let z be 21/12 - 3/(-12). What is the units digit of (6/12)/(z/24)?
6
Let a be 0/((2 - -1)/(-3)). Suppose a*t + 10 = t. What is the units digit of t?
0
Suppose -6*k - 3 = -4*k - 3*s, 0 = 4*k - 2*s - 6. Let l = k + 10. What is the tens digit of l?
1
Let k(s) = s**3 - s**2 + 6*s. What is the tens digit of k(4)?
7
Suppose -6*y = -4*y + 26. Let z = y + 20. What is the units digit of z?
7
Let b(m) = 116*m**2. Let z be b(1). Let s(f) = f - 20. Let q be s(0). What is the units digit of (-2)/(-10) - z/q?
6
Suppose 0 = 4*m + 2*q - 26, 7 = 3*m + 5*q - q. Suppose 3*a - m = 24. What is the units digit of a?
1
Suppose -3*m + 9 = -4*l, 2*l - m = 2*m - 9. Let i = l + -3. Let b = i + 12. What is the units digit of b?
9
Let m(i) = i**2 - 3*i - 10. Let o be m(-7). Suppose o = 3*b + p, 0 = -5*b + 4*p - 46 + 129. What is the tens digit of b?
1
Let z(p) = p + 4. Let c be 1 - (-1 - (1 - 3)). Let r be z(c). Suppose -m + 1 = -r. What is the units digit of m?
5
Let c(f) = f**2 - 2*f - 3. Let r(i) = i**3 + 9*i**2 + 5. Let t be r(-9). What is the tens digit of c(t)?
1
Suppose 22*a = 20*a + 30. What is the tens digit of a?
1
Let r(m) = -m + 8. Let j be r(5). What is the units digit of j/12*(-1 - -29)?
7
Suppose -9 = -2*p - 3. Suppose c + p*c = 76. What is the units digit of c?
9
Suppose 10*b - 4*b - 516 = 0. What is the units digit of b?
6
Let q(c) be the third derivative of c**5/60 + 3*c**4/8 + 5*c**3/3 - 5*c**2. Suppose r - 3*r = 16. What is the units digit of q(r)?
2
Suppose -3*t = -t - 50. Let i = t + 6. What is the tens digit of i?
3
Suppose 5 = 5*s - 10. Let f be (0 + -1)*(-3)/s. What is the units digit of f/((-2)/(-18)) - 3?
6
Let u(a) = -a + 5*a - 3*a. Let p be u(2). Suppose -3*q - 34 = -5*i - 2*q, -p*i - 3*q = 0. What is the units digit of i?
6
Suppose -5*o = 3*r - 31, -2*r - 5*o = -5*r - 19. Suppose p - 2 = r*b, -3*b + 19 = p + 2. Let d = -5 + p. What is the units digit of d?
3
Suppose 3*z = 3*i + 321, 4*z - 3*i - 123 = 301. What is the units digit of z?
3
Suppose 0 = -5*t + 306 - 71. Suppose 62 = 4*j - 3*v, -5*j - 3*v + 17 = -t. What is the tens digit of j?
1
Suppose 5*f = 4*g + 339, f = -0*g - 5*g + 62. What is the units digit of f?
7
Let s = 7 + -2. Suppose -s*b + 7 = n, 2*b + 0*b + 8 = -4*n. What is the units digit of b?
2
What is the hundreds digit of (2072/32)/(2/8)?
2
Let a(w) = -w**2 + 5*w + 3. Let z be a(5). Let g = 5 - z. Suppose -7 = -s + g. What is the units digit of s?
9
Let w be (-10 + 15)/(2/26). Let k = -41 + w. What is the units digit of k?
4
Suppose -2*s + s + 80 = 0. What is the units digit of s?
0
Let l be (-2)/(9/6 - 1). What is the tens digit of ((-2)/l)/((-8)/(-176))?
1
Let i(s) = -s**3 + 4*s**2 + s - 1. Let x be 2/(-6) + 8/6. Let w(u) = 4*u - 1. Let l be w(x). What is the tens digit of i(l)?
1
Suppose -2 - 8 = -3*x - g, -3 = -3*g. Suppose 3*v = 5*l - 21, 5*l + 2*v = -x + 39. What is the units digit of l?
6
Let n = 2 + 5. Let f(o) = -o - o - 1 + 3*o. What is the units digit of f(n)?
6
Suppose 15 + 7 = w. What is the tens digit of w?
2
Suppose 0 = v - 72 - 65. What is the hundreds digit of v?
1
Suppose 54 = -3*p + 5*p. What is the units digit of p?
7
Suppose 3*g + 6*s - 363 = 2*s, -3*g + 5*s + 390 = 0. What is the units digit of g?
5
Let r(j) be the first derivative of j**4/4 - 5*j**3/3 - 3*j**2 + 9*j - 2. What is the units digit of r(6)?
9
Suppose 0 = -u - u + 4*f + 2, -4*f = -16. What is the units digit of u?
9
Let l(u) = -3*u - 11. What is the tens digit of l(-8)?
1
Suppose 5*t - 3*k + 0*k - 169 = 0, -2*k + 154 = 5*t. What is the units digit of t?
2
What is the units digit of 20106/90 - (-9)/30*2?
4
Suppose 0 = 4*g + 4*s - 52, -73 = -5*g - s + 12. Suppose -4*l = -2 - g. What is the units digit of l?
5
Suppose -5*q - 5*s + 10 = 0, -2*s - 4 = -q + 13. Suppose -y + 11 = -q. What is the units digit of y?
8
What is the units digit of 127/5 + 39/65?
6
Suppose 24*a - 27*a + 363 = 0. What is the units digit of a?
1
Let k be (3/5)/(1/95). What is the units digit of 1/(117/k - 2)?
9
Let l(z) = -z**3 + z**2 - z + 6. What is the tens digit of l(-5)?
6
What is the units digit of (-6)/(-4)*(-64)/(-24)?
4
Let t = 217 - 142. What is the units digit of t?
5
Suppose -6*s = 4*z - 2*s - 348, -3*s - 341 = -4*z. What is the units digit of z?
6
Suppose -2*l = k - 4, 2 = 2*l - 0. Suppose -5*t + 2*t + 9 = 0. Suppose 20 = z - t*v, 6*v = 5*z + k*v - 56. What is the units digit of z?
8
Let w be (2 + 2/(-2))*0. Suppose -u + 8 - 3 = w. Suppose 5*n + 5 = 0, -c + 21 = -u*n + 5. What is the units digit of c?
1
Suppose -5*i + 721 = d, i = -0*i + 3*d + 141. Let t be i/(-10) - (-2)/5. What is the tens digit of ((-12)/t)/(6/84)?
1
Suppose 122 = 6*s - 4*s. What is the units digit of s?
1
Suppose -3*k + 121 = j + 11, 5*j - 46 = -k. Suppose 4*p + 4 - k = 0. Let a = p - -1. What is the units digit of a?
9
Let i(a) = -14*a - 1. Suppose -s = -3, -2*t + 3*s - s - 2 = 0. Suppose -2*x + c - 2 = 0, 5*c - 3 + 1 = t*x. What is the units digit of i(x)?
3
Let f = 315 - 202. What is the units digit of f?
3
Let z = 51 + -16. Let d be 130/z - 2/(-7). Suppose 3*x = -v + 2, -d*v - 9 = -5*x - 0*v. What is the units dig